1 divide 260869?
False
Does 136 divide 2596564?
False
Does 351 divide 1449630?
True
Is 221 a factor of 1262568?
False
Does 477 divide 4524822?
True
Is 275076 a multiple of 54?
True
Is 1659778 a multiple of 47?
False
Does 10 divide 78430?
True
Is 31 a factor of 113460?
True
Is 159 a factor of 2758968?
True
Does 43 divide 147005?
False
Does 7 divide 52954?
False
Is 53788 a multiple of 4?
True
Is 479 a factor of 29281075?
False
Is 93 a factor of 5886435?
True
Is 15 a factor of 5091660?
True
Is 619053 a multiple of 117?
False
Does 19 divide 2396033?
True
Is 350 a factor of 1855526?
False
Does 474 divide 2108352?
True
Is 3 a factor of 70401?
True
Does 17 divide 436764?
True
Is 67075 a multiple of 7?
False
Is 2 a factor of 78435?
False
Does 40 divide 33240?
True
Is 233 a factor of 70419?
False
Is 6465003 a multiple of 1141?
False
Does 112 divide 34706?
False
Is 5033736 a multiple of 72?
True
Does 29 divide 11355211?
True
Is 157 a factor of 426765?
False
Is 156636 a multiple of 229?
True
Does 662 divide 13438600?
True
Does 17 divide 7442170?
False
Is 1877016 a multiple of 591?
True
Is 6792 a multiple of 6?
True
Is 1001319 a multiple of 33?
True
Does 6 divide 71894?
False
Does 31 divide 179676?
True
Is 83 a factor of 29331?
False
Is 1710650 a multiple of 8?
False
Is 7104720 a multiple of 6?
True
Is 2812139 a multiple of 512?
False
Is 77858 a multiple of 22?
True
Is 7 a factor of 28917?
True
Is 445 a factor of 5443584?
False
Is 16 a factor of 771808?
True
Does 194 divide 32398?
True
Is 739647 a multiple of 280?
False
Is 1226004 a multiple of 156?
True
Is 35 a factor of 13343017?
False
Is 47403 a multiple of 214?
False
Is 82 a factor of 78925?
False
Does 31 divide 389546?
True
Does 7 divide 916454?
True
Does 230 divide 185519?
False
Does 41 divide 297086?
True
Is 265 a factor of 3750545?
True
Is 558 a factor of 12858213?
False
Does 358 divide 676620?
True
Is 475950 a multiple of 30?
True
Is 59 a factor of 369559?
False
Does 182 divide 266746?
False
Does 100 divide 85000?
True
Is 25 a factor of 1550448?
False
Is 518 a factor of 2039884?
True
Is 13 a factor of 278395?
True
Is 1323560 a multiple of 23?
False
Is 108 a factor of 575068?
False
Does 9 divide 5264793?
True
Is 207 a factor of 273033?
True
Is 72856 a multiple of 56?
True
Is 221578 a multiple of 98?
True
Is 9 a factor of 4406455?
False
Is 8926842 a multiple of 1416?
False
Is 65 a factor of 161395?
True
Is 11 a factor of 48928?
True
Does 76 divide 98116?
True
Does 30 divide 5387700?
True
Is 2573580 a multiple of 10?
True
Is 40 a factor of 6300520?
True
Is 100543 a multiple of 50?
False
Is 27222 a multiple of 78?
True
Is 896672 a multiple of 32?
True
Is 18413 a multiple of 3?
False
Is 25524 even?
True
Does 12 divide 36555146?
False
Is 112942 a multiple of 149?
True
Is 1816551 a multiple of 115?
False
Is 267707 a multiple of 55?
False
Does 11 divide 22732?
False
Is 3 a factor of 344608?
False
Is 112554 a multiple of 117?
True
Does 51 divide 959463?
True
Does 198 divide 2498986?
False
Is 49 a factor of 114513?
True
Does 291 divide 261027?
True
Is 73355 a multiple of 105?
False
Is 5884861 a multiple of 104?
False
Is 154451 a multiple of 35?
False
Does 119 divide 84774?
False
Does 20 divide 73140?
True
Is 373566 a multiple of 69?
True
Does 45 divide 4093?
False
Is 5 a factor of 208022?
False
Is 101 a factor of 2896983?
True
Is 129 a factor of 69402?
True
Is 32 a factor of 10237?
False
Is 20130 a multiple of 7?
False
Is 184 a factor of 781080?
True
Does 38 divide 40442?
False
Is 23 a factor of 176848?
False
Is 4 a factor of 99721?
False
Is 109116 a multiple of 84?
True
Does 9 divide 225075?
False
Is 60387 a multiple of 40?
False
Is 133 a factor of 5237878?
False
Is 42005 a multiple of 5?
True
Does 27 divide 245875?
False
Does 28 divide 151172?
True
Does 23 divide 422942?
False
Is 156 a factor of 872796?
False
Is 62 a factor of 298980?
False
Is 2597382 a multiple of 57?
False
Is 233 a factor of 2142901?
True
Does 20 divide 291320?
True
Does 17 divide 109064?
False
Does 5 divide 14991?
False
Is 31 a factor of 2658250?
True
Is 1918971 a multiple of 159?
True
Is 13 a factor of 73154?
False
Is 121581 a multiple of 79?
True
Is 6321 a multiple of 21?
True
Is 188879 a multiple of 19?
True
Is 151 a factor of 46508?
True
Is 346 a factor of 534727?
False
Is 204408 a multiple of 72?
True
Is 279663 a multiple of 9?
False
Is 10435845 a multiple of 118?
False
Does 36 divide 12783806?
False
Does 3 divide 18647?
False
Does 11 divide 1910331?
False
Does 28 divide 15012921?
False
Is 52 a factor of 1843866?
False
Does 51 divide 14740979?
False
Does 662 divide 10455812?
False
Is 1972672 a multiple of 832?
True
Does 46 divide 1089185?
False
Does 12 divide 2815110?
False
Is 1469115 a multiple of 9?
True
Is 251322 a multiple of 6?
True
Is 23 a factor of 1045061?
False
Is 35 a factor of 4947405?
False
Does 4 divide 304769?
False
Is 171044 a multiple of 122?
True
Does 129 divide 65016?
True
Is 211208 a multiple of 68?
True
Is 6175 a multiple of 13?
True
Is 40 a factor of 11893404?
False
Is 36 a factor of 49393?
False
Is 104026 a multiple of 13?
True
Does 12 divide 897496?
False
Does 52 divide 4259590?
False
Is 183 a factor of 420717?
True
Does 46 divide 193522?
True
Does 47 divide 10991608?
True
Is 4825800 a multiple of 210?
True
Is 10264095 a multiple of 47?
True
Does 4 divide 17585?
False
Is 66 a factor of 520806?
True
Does 486 divide 5349865?
False
Does 3 divide 782362?
False
Is 138 a factor of 1400700?
True
Is 55 a factor of 13888047?
False
Is 16395 a multiple of 3?
True
Does 113 divide 163385?
False
Is 92 a factor of 1346726?
False
Is 11 a factor of 4890127?
True
Is 264780 a multiple of 30?
True
Is 350001 a multiple of 447?
True
Is 1161947 a multiple of 261?
False
Is 148 a factor of 70937?
False
Is 387 a factor of 45855?
False
Is 110488 a multiple of 167?
False
Is 4675264 a multiple of 64?
True
Is 410745 a multiple of 211?
False
Is 5889 a multiple of 4?
False
Is 46 a factor of 12681154?
False
Does 60 divide 390300?
True
Does 63 divide 14273724?
False
Does 546 divide 955910?
False
Does 6 divide 145254?
True
Is 16 a factor of 1998992?
True
Does 59 divide 4045807?
True
Is 85850 a multiple of 202?
True
Is 73 a factor of 1749445?
True
Is 599770 a multiple of 3?
False
Is 361 a factor of 71815?
False
Is 112398 a multiple of 858?
True
Does 6 divide 1820385?
False
Is 137025 a multiple of 675?
True
Is 2622863 a multiple of 45?
False
Does 110 divide 418447?
False
Does 94 divide 276830?
True
Is 369831 a multiple of 5?
False
Does 84 divide 509544?
True
Is 7428159 a multiple of 9?
True
Is 5538202 a multiple of 39?
False
Is 27389 a multiple of 439?
False
Is 7782687 a multiple of 89?
False
Is 6380517 a multiple of 11?
True
Is 165 a factor of 148830?
True
Is 8 a factor of 5503016?
True
Is 10 a factor of 233660?
True
Does 270 divide 134927?
False
Does 10 divide 510420?
True
Is 156728 a multiple of 572?
True
Does 13 divide 1342233?
False
Is 39 a factor of 130806?
True
Is 141040 a multiple of 80?
True
Is 612712 a multiple of 8?
True
Is 84887 a multiple of 24?
False
Is 28512 a multiple of 4?
True
Is 364 a factor of 10380188?
True
Does 13 divide 5045287?
True
Is 88874 a multiple of 310?
False
Is 54477 a multiple of 4?
False
Is 104390 a multiple of 110?
True
Does 42 divide 8627514?
True
Is 458646 a multiple of 387?
False
Is 15562 a multiple of 2?
True
Does 872 divide 8163664?
True
Is 1139 a factor of 7741783?
True
Is 105 a factor of 237861?
False
Is 74 a factor of 1216190?
True
Is 262 a factor of 1857056?
True
Is 148 a factor of 59940?
True
Is 64 a factor of 3309952?
True
Does 84 divide 200172?
True
Is 466953 a multiple of 112?
False
Is 281 a factor of 1753440?
True
Does 69 divide 212328?
False
Is 975925 a multiple of 12?
False
Is 6865740 a multiple of 60?
True
Is 1339315 a multiple of 133?
False
Does 274 divide 424152?
True
Is 35 a factor of 10168542?
False
Is 165 a factor of 261922?
False
Does 78 divide 35060?
False
Is 305448 a multiple of 78?
True
Is 8281998 a multiple of 431?
False
Does 65 divide 491010?
True
Is 538927 a multiple of 29?
False
Does 334 divide 598528?
True
Is 127 a factor of 1833245?
True
Does 528 divide 248945?
False
Is 4366091 a multiple of 518?
False
Is 26 a factor of 985738?
True
Is 6046128 a multiple of 347?
True
Is 32